s the value of 1 + -39 + -1020 + 1024?
-34
What is (-4 - (13 + -2)) + (6 - -10)?
1
Calculate (-23 - 2) + (3 - (-6 + -8 - -25) - -2).
-31
What is 13 + 0 - (2 + -3 + -1) - (13702 + -13687)?
0
(165 + -41 - 378) + 115
-139
What is (413 - 341) + (-73 - -8)?
7
What is 6 + 65 + (113 - (177 + -98))?
105
What is the value of -172 - -219 - 38 - (2 - 17 - (1 + -2))?
23
What is (-70 + 146 - 61 - (0 - -7)) + 83?
91
2 + (24 - 2) - (36 + -64 + 22)
30
Evaluate (-104 - -98 - (-3 - 2)) + -46 + -4.
-51
Calculate 0 - (-16 - -4) - (42 + (2 - 3)).
-29
What is the value of 0 + (17 - 5 - 1 - -2) - 5?
8
What is the value of (1 + 2 + -8 - ((12 - -32) + -51)) + -30?
-28
Calculate 55 - (-11 - (10 + -53)).
23
Evaluate (43 - -2) + (-35 - (22 - (70 + -26))) + 10.
42
What is -89 + -4 + -1 + (-307 - -297)?
-104
(3 - -33) + -18 + -14
4
What is (-10 + -10 + 6 - 1) + 13 + 3?
1
Evaluate 4 - 3 - (-17 + (12 - 23) + -19).
48
What is the value of -371 - -292 - (-35 + 4)?
-48
What is the value of -2 + -107 + -21 + (-26 - -18 - (1 + -42))?
-97
What is the value of 59 + -190 + (-88 - -143)?
-76
-30 - (7 + (0 - (-13 - -1)))
-49
-42 + (135 - 13) + -35
45
What is 41 + (-7 - (-49 + 2)) - -12?
93
Evaluate 2 + (11 + (0 - -1) - 78).
-64
What is the value of 42 - 0 - (1085 + -1077)?
34
55 - (7 - -22) - 13
13
What is -74 + 98 + 31 + -21?
34
Evaluate 51 + (-22 - -55) + -130.
-46
Evaluate -65 + -58 + 160 + -8 + -1.
28
What is -83 + 58 + 137 + -36?
76
Calculate (22 - -2) + -11 - 15 - (-3 - 1 - 32).
34
What is the value of (-241 + 162 - 30) + 32?
-77
What is the value of 6 + -5 + 9 + 8 + (0 - (-4 + 9))?
13
Evaluate (46 + -25 - 70) + 100.
51
Calculate -11 - (-4 + -3 + -12 + -3 + 35).
-24
What is -146 + 45 + -47 + 29 + -23?
-142
(-2 + 1 - (-1 - 22)) + -22716 + 22672
-22
What is 15 + (33 - (-25 - -23))?
50
Calculate 4 + 20 + 4 + -1 + (27 - 26).
28
Calculate 8 - (2 + -1 + 14 + (-125 - -125)) - 52.
-59
-563 + 544 - (-8 + (5 - 0))
-16
What is the value of 45 - 92 - ((0 - 3) + (-2 - -2) + 1)?
-45
What is the value of -33 + -16 + -4 + 51?
-2
9 + (-5 + -1 - (-18 + 4 + 12 + -76))
81
What is (-190 - -187) + -43 + (18 - -3)?
-25
Evaluate 95 + 28 - 124 - 101.
-102
(4688 - 4559) + (-5 - -1) + -24
101
What is the value of (3 - 1) + -6 + 61 + (2 - 20)?
39
What is the value of 5 + -31 + -4 + (10 - (-1 + 0))?
-19
Evaluate 92 - 135 - (41 + -35).
-49
What is the value of -115 + 125 + 40 + -25?
25
Evaluate ((-3 - 3) + 6 - -68 - 5) + (9 - 6).
66
What is 18 - (21 - (47 - 60 - (-9 - 3)))?
-4
Calculate (-3 + -13 + 25 - -5) + -13 - 55.
-54
-3 + 2 + -1 + -11 + (-89 - -13) + 15
-74
Calculate (-2 - 63 - -3) + (68 - 145 - -76).
-63
Calculate (57 - 91) + 44 + -52.
-42
14 - (-4 + 21 + -43) - -4
44
What is -570 + 583 + (-5 + -73 - 8)?
-73
1 - 105 - (-171 - (-189 - 3))
-125
223 - (348 - 134) - (-1 - -98)
-88
What is the value of 33 - (-51 - (-76 - 65))?
-57
What is 54 - (101 - 10) - 3?
-40
Evaluate 12 - (1 - 1) - ((130 - 147) + 73).
-44
Evaluate 29 + 47 - (-3 + 25 + -5 + -3).
62
Evaluate 26 - 5 - ((15 - -2) + -37).
41
What is 23 + (-1 + 8 - 27) + -23?
-20
What is 25 + 51 + -43 + -132?
-99
Calculate 14 + 29 + (-15 - -97) - 15.
110
Calculate -112 + (-39 - -91) - -29.
-31
Evaluate 19 + 1 - ((-202 - -240) + -23 + -2).
7
-57 + 3 - (-227 - -234) - (9 + (0 - -1))
-71
What is the value of 828 + -784 - (-8 + -1 - 4 - 1)?
58
Calculate (26 - -32) + 39 - (-7 - 1 - -18).
87
What is the value of (-3 - (2 - 7) - 1) + (1827 - 1800)?
28
What is the value of 114 - -2 - (24 - ((16 + -15 - -22) + -2))?
113
What is -12 + (52 - (44 - -10))?
-14
What is 86 + 18 + -11 - (4 + (10 - -2))?
77
What is the value of -6 - (-65 - -75 - (14 + -1 - -10))?
7
What is -30 + 90 + 0 + -27?
33
Evaluate 35 + (15 - (-5 + 14 + -6) - 28).
19
Calculate -26 + -145 + 31 + 267.
127
Evaluate 1 + 7 + 65 - (595 - 624).
102
Calculate -7 - (19 + -36 + (-14 - -18)).
6
What is the value of (15 - (-105 + 92 + (-1 - -106))) + (21 - 9)?
-65
What is -6 + 10 - (-344 - -357)?
-9
Evaluate 66 - (-5 + -2 + (24 - 23) + 11).
61
What is the value of -14 + 2 + 0 + 1 + 524 + -512?
1
Evaluate (95 - 88) + -1 + (-45 - 7).
-46
Evaluate -35 + (42 - 6) + 1.
2
What is 50 + -5 - -7 - 43?
9
Calculate -63 - (3 - (-2 + -11 + 0)).
-79
7 + (4 - 11 - ((-47 - -7) + 21))
19
What is -15 + (-5 - (-67 - (8 - (1 + 10))))?
44
What is 26 - (33 - -55 - 28)?
-34
Evaluate 1 + -12 - -2 - (15448 + -15526).
69
Evaluate -172 - (15 + -179) - (-2 - -34).
-40
-21 - (42 + 24 + -136) - 166
-117
What is the value of -9 - ((-12 - -27) + 21)?
-45
Evaluate (-13 - 13) + 32 + (-66 - (-14 + 3 + 5)).
-54
Calculate 7 - 30 - (-77 + 59) - -26.
21
What is the value of 2 + -10 - (-15 - (-25 + -22 + 95))?
55
What is 0 + -4 + 20 - (-193 + 145 - -179)?
-115
Evaluate 161 - (-18 - 0 - (-78 + (-17 - -53))).
137
Evaluate 9 - (-8 - (39 + 0 + -12 + 3)).
47
What is (21 - 1) + 3 - (115 - 102)?
10
Evaluate -26 + 19 + 5 + -10 - (51 + -3).
-60
What is 83 - (111 + (40 - 113))?
45
What is the value of (-578 - -579) + 0 + -16 - 0 - (-137 - 0)?
122
Evaluate 105 + (-16 - (54 - 36 - 7)).
78
-31 + (-19 - (-15 - 50)) - -63 - (1 + -15)
92
What is the value of -32304 - -32307 - (0 + 0 + -15)?
18
Evaluate (-8 - (-3 - -16)) + 20 - 9.
-10
1 + 0 + -87 + 111 - -8
33
Calculate 11 + -17 - (-8 - -4 - -46 - (0 - -9)).
-39
-8 - (10 + -3 - (12 + -13 + 14))
-2
What is the value of (23 - 8) + (-186 - -125)?
-46
What is the value of 13 + -21 + 9 + (-18 - -22)?
5
Evaluate 2 - ((-9 - -1 - 0) + -1) - 0 - 5.
6
Calculate -81 + 53 + 54 - 29.
-3
6 + (-15 - -9) + -5 - -13 - (81 + 8)
-81
What is -15 + -149 + 97 - -202?
135
What is the value of -109 + (-98 - -194) + -1 + -83?
-97
Calculate -10 + 56 + -29 - (68 + -4).
-47
Calculate -49 - -53 - (-14 + -3 + 12).
9
What is 4 - -2 - ((17 - -25) + -17) - -123?
104
What is -18 - (-8 - (2 + 0 + -12) - -35)?
-55
Calculate 52 + -12 + -10 + (1 - 10).
21
Evaluate (-15 + -82 - -36) + -82.
-143
Evaluate (0 - -16 - -7 - -3) + 1 + -16 + 28.
39
Calculate 1 + 1 - (20 + -67 - -46) - 15.
-12
(-4426 - -4391) + -1 + 51 - (71 + -1)
-55
Evaluate 58 + (34 - 98 - 128).
-134
Evaluate (-1 + -3 + -1 - (22 + -123 + 164)) + 10.
-58
What is (95 + -51 + -24 - (13 - -1)) + -47?
-41
Evaluate 111 + -133 + (0 - -5) + -9.
-26
What is -38 + (38 - (-4 - 12))?
16
Evaluate -31 - ((-50 - (-15 - 8)) + 2).
-6
Calculate 13 - (-18 - -10 - -16 - (-27 + -20 - 19)).
-61
Evaluate (-16 - (1 + -23)) + 6 + 23.
35
Evaluate 3 + -66 + 70 + -43 + 145.
109
45 - (-1 - (-25 + 16 - 12))
25
Evaluate 0 + 1 + -18 - (5489 + -5538).
32
-89 - (-87 + 137 - 221)
82
Calculate -121 + 1 + 17 + (0 - 10) + (56 - 51).
-108
What is 15 - ((10 - 16) + 9) - (74 - 8)?
-54
What is the value of -10 - -35 - (-65 + 112)?
-22
What is 75 + 53 + -81 + -2?
45
What is the value of -13 + (2 - 9) + (9 + -23 - -9) - 13?
-38
Evaluate -103 + (25 - -37) - -76.
35
What is -43 + 33 + (-17 - -9) - (-11 - -1)?
-8
2 - (41 - -1) - (-18 + (-238 - -258))
-42
Calculate -94 + 0 + 1 + (-164127 - -164168).
-52
Calculate 1215 + -1209 + -39 + 1.
-32
Calculate 156 + (-67 - 199) - -97.
-13
Calculate 9 + 8 + 7 + -40 + -1 + (0 - -2).
-15
Calculate (1 - 9) + (-76 - -88).
4
What is the value of (92 + 5 - -14) + -71?
40
Calculate (1 - 1) + 2 - (293 + -179 - 129).
17
-29 - (33 + -65) - 78
-75
What is -14 + (15 - -2) + (-121 - -117) - (1 - 39)?
37
Calculate -13 + (-4 + -3 - 1) - (-2 + -4).
-15
What is 29 - ((-29 - -32) + -5 + -18)?
49
5 - (-8 + (-9 - (15 + -23 - 29)))
-15
Calculate 4 + (2 - 17) + (-47 - (34 - 77)).
-15
What is the value of -32 + 4 + -2 + 0 + (30 + -51 - -20)?
-31
What is the value of (-696 - -612 - (-8 + (-1 - 0))) + 16?
-59
Calculate 17 + (-1 + -7 - 6) + (-29 - 4) + 1.
-29
23 + (-110 - -228 - 46)
95
Calculate 699 + -672 - ((-6 - -1) + (-3 - (-12 + 5))).
28
Evaluate (66 - 37) + -49 - (-5 + 4).
-19
Evaluate -134 - (141 - 219) - -142.
86
What is the value of 34 + 2 + 75 - 40 - (-2 + -1)?
74
What is -14 - 0 - (4140 - 4092)?
-62
Calculate -68 + -2 + (29 - 9 - (3 + 3)).
-56
What is 23 + -11 + (28 - 23) + (-11 - -1) + -37?
-30
What is the value of (-19 - (-29 - (-17 - -21))) + (-11 - 0) + -80?
-77
-1 + 8 + -85 + 92 + -26 + 23 + 0
11
Evaluate (2 - (-10 + 1) - (2484 - 2467)) + (2 - -72).
68
Evaluate -46 + 31 + 0 + 0 + (7 - 4).
-12
What is 1 + 7 - 2 - (57 + (29 - (1 + 49)))?
-30
Evaluate -8 + 29 + -17 - (0 + (4 - 9)) - -60.
69
2 - -34 - (602 + -51